79476 is divided by 74?
70
Calculate the remainder when 11526685 is divided by 3842222.
19
What is the remainder when 631779 is divided by 204?
195
Calculate the remainder when 347 is divided by 32.
27
Calculate the remainder when 1305401 is divided by 1923.
1607
What is the remainder when 27174766 is divided by 27174755?
11
What is the remainder when 277241 is divided by 445?
6
Calculate the remainder when 1303259 is divided by 25.
9
Calculate the remainder when 4002494 is divided by 177.
170
Calculate the remainder when 149875 is divided by 25.
0
Calculate the remainder when 69268 is divided by 13688.
828
What is the remainder when 10338450 is divided by 322?
318
What is the remainder when 1446525 is divided by 8661?
138
Calculate the remainder when 25729926 is divided by 379.
374
Calculate the remainder when 472766 is divided by 91.
21
What is the remainder when 1100766 is divided by 41?
39
What is the remainder when 23046678 is divided by 7?
4
What is the remainder when 176317 is divided by 6777?
115
Calculate the remainder when 7530 is divided by 400.
330
Calculate the remainder when 167636 is divided by 55.
51
What is the remainder when 4748664 is divided by 195?
24
Calculate the remainder when 195362 is divided by 76.
42
Calculate the remainder when 357265213 is divided by 2464.
2461
Calculate the remainder when 4208134 is divided by 121.
117
Calculate the remainder when 1937459 is divided by 578.
3
What is the remainder when 249610 is divided by 49908?
70
Calculate the remainder when 46551099 is divided by 1313.
1310
What is the remainder when 7136346 is divided by 10?
6
What is the remainder when 1911016 is divided by 32390?
6
Calculate the remainder when 899613 is divided by 81.
27
Calculate the remainder when 24866875 is divided by 43.
18
What is the remainder when 45952652 is divided by 5819?
9
What is the remainder when 166626327 is divided by 30?
27
What is the remainder when 2381637482 is divided by 634?
632
Calculate the remainder when 15086280 is divided by 486654.
6
What is the remainder when 1342097 is divided by 671021?
55
Calculate the remainder when 7982131 is divided by 87715.
66
What is the remainder when 21076817 is divided by 36?
5
What is the remainder when 16505 is divided by 16418?
87
What is the remainder when 87208 is divided by 2491?
23
Calculate the remainder when 1675373 is divided by 2411.
2139
What is the remainder when 323800 is divided by 62?
36
Calculate the remainder when 280988 is divided by 2464.
92
Calculate the remainder when 267171607 is divided by 14842866.
19
Calculate the remainder when 464705 is divided by 16021.
96
Calculate the remainder when 6851889 is divided by 11875.
14
What is the remainder when 3123112 is divided by 84?
76
Calculate the remainder when 297459 is divided by 6163.
1635
What is the remainder when 1176147 is divided by 295?
277
Calculate the remainder when 118953 is divided by 2384.
2137
What is the remainder when 3780982 is divided by 1584?
1558
Calculate the remainder when 966874 is divided by 483432.
10
Calculate the remainder when 4862 is divided by 135.
2
What is the remainder when 469414 is divided by 1774?
1078
What is the remainder when 53651 is divided by 602?
73
What is the remainder when 4399935 is divided by 5320?
295
What is the remainder when 1073957 is divided by 134241?
29
Calculate the remainder when 30441 is divided by 6080.
41
What is the remainder when 66428 is divided by 15781?
3304
Calculate the remainder when 665339 is divided by 130.
129
What is the remainder when 7762 is divided by 4574?
3188
What is the remainder when 179614 is divided by 1561?
99
Calculate the remainder when 93619534 is divided by 163.
158
Calculate the remainder when 12081584 is divided by 2527.
2524
What is the remainder when 140064902 is divided by 627?
626
Calculate the remainder when 349566 is divided by 33.
30
What is the remainder when 23034370 is divided by 77?
51
Calculate the remainder when 817269 is divided by 628.
241
What is the remainder when 4340390 is divided by 2170168?
54
What is the remainder when 1487084 is divided by 4706?
4694
Calculate the remainder when 43482 is divided by 133.
124
Calculate the remainder when 61437 is divided by 30717.
3
Calculate the remainder when 198819962 is divided by 271.
270
Calculate the remainder when 344280 is divided by 1196.
1028
What is the remainder when 2418120 is divided by 172?
144
Calculate the remainder when 214060317 is divided by 648.
645
Calculate the remainder when 73506 is divided by 1648.
994
Calculate the remainder when 1080280 is divided by 4520.
0
Calculate the remainder when 2507068 is divided by 1868.
212
What is the remainder when 10077186 is divided by 70?
56
Calculate the remainder when 292475 is divided by 97468.
71
What is the remainder when 1823263 is divided by 3513?
16
What is the remainder when 37880574 is divided by 56?
46
Calculate the remainder when 115345 is divided by 57439.
467
Calculate the remainder when 929277 is divided by 2733.
57
Calculate the remainder when 1557361 is divided by 977.
23
What is the remainder when 57359019 is divided by 502?
499
Calculate the remainder when 229202453 is divided by 3602.
3591
Calculate the remainder when 429549 is divided by 9875.
4924
Calculate the remainder when 32745221 is divided by 129.
119
Calculate the remainder when 345745 is divided by 1467.
1000
Calculate the remainder when 146448 is divided by 2660.
148
Calculate the remainder when 16574 is divided by 5475.
149
Calculate the remainder when 42830 is divided by 2346.
602
What is the remainder when 2348955 is divided by 40?
35
Calculate the remainder when 30759680 is divided by 5343.
29
Calculate the remainder when 1790226 is divided by 3423.
3420
Calculate the remainder when 69200024 is divided by 11823.
5
What is the remainder when 9421538 is divided by 4?
2
Calculate the remainder when 1378818 is divided by 6603.
5394
What is the remainder when 23712524 is divided by 8629?
32
What is the remainder when 185928 is divided by 10645?
4963
Calculate the remainder when 11101317 is divided by 5534.
113
What is the remainder when 5842114 is divided by 433?
78
What is the remainder when 307845 is divided by 307416?
429
What is the remainder when 357747 is divided by 119240?
27
Calculate the remainder when 17794125 is divided by 503.
500
What is the remainder when 15231288 is divided by 3807820?
8
What is the remainder when 93276 is divided by 3806?
1932
What is the remainder when 68621794 is divided by 358?
354
What is the remainder when 105540 is divided by 52650?
240
Calculate the remainder when 1866078 is divided by 622025.
3
Calculate the remainder when 195797 is divided by 353.
235
Calculate the remainder when 363192 is divided by 33014.
38
What is the remainder when 131543261 is divided by 11958477?
14
What is the remainder when 2780513 is divided by 2753?
2736
Calculate the remainder when 20995 is divided by 2758.
1689
Calculate the remainder when 48158902 is divided by 254.
248
Calculate the remainder when 550793 is divided by 9181.
9114
What is the remainder when 380596 is divided by 84?
76
What is the remainder when 13961 is divided by 35?
31
What is the remainder when 15157777 is divided by 5052585?
22
What is the remainder when 5564924 is divided by 618323?
17
What is the remainder when 1128743 is divided by 75246?
53
Calculate the remainder when 2380456 is divided by 43.
19
What is the remainder when 2472829 is divided by 4529?
4524
Calculate the remainder when 443379 is divided by 3962.
3597
What is the remainder when 11627305 is divided by 81?
79
Calculate the remainder when 1630200 is divided by 7150.
0
Calculate the remainder when 917655080 is divided by 483.
482
Calculate the remainder when 162764 is divided by 2306.
1344
Calculate the remainder when 15434193 is divided by 104285.
13
What is the remainder when 304928 is divided by 213?
125
Calculate the remainder when 85817679 is divided by 108.
15
What is the remainder when 51942274 is divided by 76?
74
Calculate the remainder when 86127731 is divided by 3710.
81
What is the remainder when 8525718 is divided by 11398?
14
Calculate the remainder when 28515764 is divided by 241659.
2
What is the remainder when 21135 is divided by 3524?